 prime factors of 5388.
2, 3, 449
What are the prime factors of 3723?
3, 17, 73
List the prime factors of 68827.
11, 6257
List the prime factors of 30688.
2, 7, 137
List the prime factors of 1674.
2, 3, 31
List the prime factors of 138.
2, 3, 23
What are the prime factors of 4536?
2, 3, 7
What are the prime factors of 8440?
2, 5, 211
What are the prime factors of 55114?
2, 17, 1621
List the prime factors of 30137.
30137
What are the prime factors of 24?
2, 3
List the prime factors of 6964.
2, 1741
List the prime factors of 5969.
47, 127
List the prime factors of 91545.
3, 5, 17, 359
What are the prime factors of 23986?
2, 67, 179
What are the prime factors of 279?
3, 31
List the prime factors of 11974.
2, 5987
List the prime factors of 893.
19, 47
What are the prime factors of 5565?
3, 5, 7, 53
List the prime factors of 43353.
3, 4817
What are the prime factors of 65489?
43, 1523
List the prime factors of 20675.
5, 827
What are the prime factors of 1476?
2, 3, 41
List the prime factors of 324.
2, 3
List the prime factors of 85525.
5, 11, 311
List the prime factors of 1317.
3, 439
List the prime factors of 633.
3, 211
What are the prime factors of 2527?
7, 19
What are the prime factors of 27777?
3, 47, 197
What are the prime factors of 3361?
3361
List the prime factors of 210.
2, 3, 5, 7
List the prime factors of 612.
2, 3, 17
What are the prime factors of 1766?
2, 883
List the prime factors of 2554.
2, 1277
List the prime factors of 1042.
2, 521
List the prime factors of 21290.
2, 5, 2129
What are the prime factors of 822?
2, 3, 137
What are the prime factors of 14990?
2, 5, 1499
List the prime factors of 2480.
2, 5, 31
List the prime factors of 10271.
10271
List the prime factors of 77851.
127, 613
What are the prime factors of 27905?
5, 5581
List the prime factors of 3398.
2, 1699
What are the prime factors of 1648?
2, 103
List the prime factors of 5143.
37, 139
List the prime factors of 9622.
2, 17, 283
List the prime factors of 27108.
2, 3, 251
What are the prime factors of 1119?
3, 373
What are the prime factors of 53923?
53923
What are the prime factors of 2897?
2897
List the prime factors of 463.
463
List the prime factors of 19588.
2, 59, 83
What are the prime factors of 22645?
5, 7, 647
What are the prime factors of 8045?
5, 1609
What are the prime factors of 8812?
2, 2203
List the prime factors of 160700.
2, 5, 1607
What are the prime factors of 5059?
5059
What are the prime factors of 30977?
30977
List the prime factors of 38029.
17, 2237
What are the prime factors of 3292?
2, 823
List the prime factors of 1129.
1129
List the prime factors of 566.
2, 283
List the prime factors of 3177.
3, 353
List the prime factors of 21979.
31, 709
What are the prime factors of 11602?
2, 5801
What are the prime factors of 923?
13, 71
List the prime factors of 17580.
2, 3, 5, 293
List the prime factors of 21459.
3, 23, 311
List the prime factors of 14303.
14303
List the prime factors of 1023.
3, 11, 31
List the prime factors of 5242.
2, 2621
What are the prime factors of 278?
2, 139
What are the prime factors of 303?
3, 101
List the prime factors of 162746.
2, 81373
List the prime factors of 8598.
2, 3, 1433
List the prime factors of 994.
2, 7, 71
What are the prime factors of 112208?
2, 7013
What are the prime factors of 16912?
2, 7, 151
What are the prime factors of 949?
13, 73
What are the prime factors of 209?
11, 19
List the prime factors of 308.
2, 7, 11
List the prime factors of 908.
2, 227
What are the prime factors of 1692?
2, 3, 47
List the prime factors of 2207.
2207
What are the prime factors of 4399?
53, 83
What are the prime factors of 2353?
13, 181
List the prime factors of 1659.
3, 7, 79
List the prime factors of 66457.
66457
What are the prime factors of 40360?
2, 5, 1009
What are the prime factors of 124?
2, 31
What are the prime factors of 92997?
3, 10333
List the prime factors of 2822.
2, 17, 83
What are the prime factors of 12333?
3, 4111
List the prime factors of 1125.
3, 5
List the prime factors of 429.
3, 11, 13
List the prime factors of 195.
3, 5, 13
What are the prime factors of 657?
3, 73
List the prime factors of 13126.
2, 6563
List the prime factors of 23472.
2, 3, 163
What are the prime factors of 25517?
17, 19, 79
What are the prime factors of 7582?
2, 17, 223
What are the prime factors of 80900?
2, 5, 809
List the prime factors of 4692.
2, 3, 17, 23
What are the prime factors of 1355?
5, 271
What are the prime factors of 115151?
115151
What are the prime factors of 1234?
2, 617
List the prime factors of 11267.
19, 593
What are the prime factors of 567?
3, 7
List the prime factors of 4732.
2, 7, 13
List the prime factors of 42290.
2, 5, 4229
List the prime factors of 805.
5, 7, 23
List the prime factors of 138226.
2, 11, 61, 103
What are the prime factors of 10002?
2, 3, 1667
What are the prime factors of 81?
3
What are the prime factors of 3309?
3, 1103
What are the prime factors of 32572?
2, 17, 479
List the prime factors of 58190.
2, 5, 11, 23
List the prime factors of 1793.
11, 163
What are the prime factors of 135990?
2, 3, 5, 1511
What are the prime factors of 9347?
13, 719
What are the prime factors of 4458?
2, 3, 743
What are the prime factors of 45660?
2, 3, 5, 761
List the prime factors of 51381.
3, 11, 173
List the prime factors of 50692.
2, 19, 23, 29
What are the prime factors of 4701?
3, 1567
What are the prime factors of 2430?
2, 3, 5
What are the prime factors of 28762?
2, 73, 197
What are the prime factors of 39247?
13, 3019
List the prime factors of 29386.
2, 7, 2099
List the prime factors of 17960.
2, 5, 449
What are the prime factors of 316?
2, 79
What are the prime factors of 3134?
2, 1567
What are the prime factors of 35211?
3, 11, 97
List the prime factors of 33119.
33119
List the prime factors of 29885.
5, 43, 139
What are the prime factors of 3875?
5, 31
What are the prime factors of 9399?
3, 13, 241
What are the prime factors of 8524?
2, 2131
List the prime factors of 6320.
2, 5, 79
What are the prime factors of 5134?
2, 17, 151
List the prime factors of 20981.
20981
What are the prime factors of 282?
2, 3, 47
List the prime factors of 32005.
5, 37, 173
What are the prime factors of 5334?
2, 3, 7, 127
What are the prime factors of 15118?
2, 7559
List the prime factors of 838.
2, 419
What are the prime factors of 5065?
5, 1013
What are the prime factors of 2046?
2, 3, 11, 31
List the prime factors of 862.
2, 431
What are the prime factors of 2291?
29, 79
List the prime factors of 315.
3, 5, 7
What are the prime factors of 156534?
2, 3, 7, 3727
What are the prime factors of 15499?
11, 1409
List the prime factors of 4535.
5, 907
List the prime factors of 86977.
11, 7907
List the prime factors of 391.
17, 23
What are the prime factors of 154?
2, 7, 11
List the prime factors of 24705.
3, 5, 61
List the prime factors of 7493.
59, 127
What are the prime factors of 23777?
13, 31, 59
What are the prime factors of 18?
2, 3
What are the prime factors of 7081?
73, 97
What are the prime factors of 88805?
5, 17761
What are the prime factors of 2052?
2, 3, 19
List the prime factors of 15109.
29, 521
What are the prime factors of 1039?
1039
List the prime factors of 9625.
5, 7, 11
List the prime factors of 17613.
3, 19, 103
What are the prime factors of 11047?
11047
List the prime factors of 614.
2, 307
List the prime factors of 91903.
7, 19, 691
List the prime factors of 4967.
4967
List the prime factors of 1250.
2, 5
What are the prime factors of 26022?
2, 3, 4337
What are the prime factors of 6021?
3, 223
List the prime factors of 808.
2, 101
What are the prime factors of 1084?
2, 271
What are the prime factors of 7126?
2, 7, 509
What are the prime factors of 14790?
2, 3, 5, 17, 29
What are the prime factors of 5617?
41, 137
List the prime factors of 2206.
2, 1103
List the prime factors of 13788.
2, 3, 383
List the prime factors of 24337.
24337
What are the prime factors of 12884?
2, 3221
What are the prime factors of 5?
5
What are the prime factors of 1619?
1619
What are the prime factors of 542?
2, 271
List the prime factors of 55329.
3, 18443
List the prime factors of 1636.
2, 409
What are the prime factors of 23303?
7, 3329
What are the prime factors of 988?
2, 13, 19
What are the prime factors of